 = -4*c + 51 - 43. Suppose -2*k = 5*p - 720, -p + k + 421 = c*p. What are the prime factors of p?
2, 71
List the prime factors of 4 + -6 + (-1 - -235).
2, 29
Let u = -40 + 41. What are the prime factors of u*2 - 1476/(-9)?
2, 83
Let x = -21 - -17. Let h(m) = -5 - m + 7*m**2 + 4*m + 2*m + m**3 - 2*m. List the prime factors of h(x).
31
Let z = 14 - 11. Suppose 7*u = z*u. Suppose u = 31*l - 34*l + 96. What are the prime factors of l?
2
Suppose 43 = -4*r + 3*y - 74, -y + 61 = -2*r. Let g = r + 51. Suppose -g*j - 13 = -19*j. What are the prime factors of j?
13
Suppose 0 = -5*c - 0*c. Let u be (-1)/1*1*c. Suppose -5*r + r + 3*t = -42, u = 4*r + 2*t - 52. List the prime factors of r.
2, 3
Suppose 328 = 2*b + 64. Suppose -5*r = 3*t - b + 5, 4*t = 3*r + 150. What are the prime factors of t?
3, 13
Let a = -432 - -698. List the prime factors of a.
2, 7, 19
Suppose -10*g = -11300 + 1520. List the prime factors of g.
2, 3, 163
Suppose 58 = -6*w + 424. Let r = 74 - -31. Let c = r - w. What are the prime factors of c?
2, 11
Let r(y) = y**3 + 6*y**2 + y - 4. Suppose -s - 10 = -4. Let i be r(s). What are the prime factors of ((-68)/i)/((-18)/(-45))?
17
Let k(o) = o**3 - o**2 - 5*o - 48. List the prime factors of k(7).
211
Let h(i) = 32*i - 17. What are the prime factors of h(1)?
3, 5
Let t = 570 + -287. What are the prime factors of t?
283
Let n(y) = 2*y**2 - 2*y - 7. Let k be n(3). Suppose -2*g = -3*z + 599, -k*z - g + 1013 = 3*g. List the prime factors of z.
3, 67
Suppose -2 = -2*o + 4*d, d + 23 = -0*o - 4*o. Let h be (-9)/(1 - 4) - o. Suppose 10 = 10*c - h*c. List the prime factors of c.
5
Let z = -146 - -1074. List the prime factors of z.
2, 29
Let x = 20 - 14. Suppose -184 = 4*z - x*z. Suppose 0 = 4*l - 4*a - 36, -12 = 5*l + 2*a - z. What are the prime factors of l?
2, 7
Suppose -7*i + 3*i = 96. List the prime factors of i*3*13/(-12).
2, 3, 13
Let n(q) = -2*q**3 - 19*q**2 + 5*q - 8. What are the prime factors of n(-14)?
2, 3, 281
Suppose 0 = 40*q - 18535 - 2625. List the prime factors of q.
23
Suppose 5*s - p = 15, -s - 6*p + p - 23 = 0. Suppose -30 = -s*o + 32. List the prime factors of o.
31
Let o be (-3212)/220 + 4/(-10). Let i(z) be the second derivative of z**5/20 + 5*z**4/4 - z**3/6 + 7*z**2 + z. What are the prime factors of i(o)?
29
Suppose n = -4*n - 20. Let r be (n - -4)*3/(-6). Suppose -f + 0*f + a + 9 = r, a = -4*f + 16. List the prime factors of f.
5
Suppose 14*a - 20 = -20. Let b be 16/7 + (-2)/7. Suppose -2*c + 17 = b*s - c, a = -3*s - c + 24. What are the prime factors of s?
7
Let d be 92/(-69)*1*-3. Suppose 15 = 4*m - 1. Suppose s = 4*z - 2*z + 18, -m*z + 120 = d*s. List the prime factors of s.
2, 13
Let f(g) = -7 + 241*g - 24 - 244*g. List the prime factors of f(-19).
2, 13
Suppose 5252 - 20848 = -14*k. List the prime factors of k.
2, 557
Let m = 231 - 165. Suppose m*i - 62*i - 268 = 0. What are the prime factors of i?
67
Let s = 26 + -32. Let x(k) = k**2 + 3*k - 3. Let o be x(s). Suppose 7*c - o = 4*c. What are the prime factors of c?
5
Let h(p) = 2*p**3 - 3*p**2 + p - 2. Let g(k) = k + 15. Let s be g(-12). List the prime factors of h(s).
2, 7
Let r be (-6)/(-15) - 196/(-10). Let s = r + -13. List the prime factors of s.
7
Let j = 3 + 0. Suppose 0 = -j*a + 6*a - 9. List the prime factors of 2 + a*(3 - 2).
5
Suppose 0 = 2*t - 2*g + 13 + 5, -2*t + 4*g = 24. Let o = 45 - t. What are the prime factors of o?
3, 17
Let h(w) = 27*w + 3*w**2 + 48 - 32 - 4*w**2. What are the prime factors of h(19)?
2, 3, 7
Let p(h) = -3*h - 3*h**3 + h**3 + 2*h**2 + 5*h - 7. Let n be p(-3). Suppose 3*d - 2*x - 48 = 3*x, -4*d + n = -5*x. What are the prime factors of d?
11
Suppose -w + 7*q = 5*q - 1273, 0 = -w - q + 1282. What are the prime factors of w?
1279
Let v be (-1 - 3 - (-9)/2)*234. Suppose -a + 5*j + 71 = 0, -v = 5*a - 7*a + 5*j. What are the prime factors of a?
2, 23
Let z(m) = 5*m**2 - 20*m - 7. What are the prime factors of z(5)?
2, 3
Suppose -12*n - 4680 = -24*n. What are the prime factors of n?
2, 3, 5, 13
Suppose 0 = 6*g - 6 - 18. Suppose 4*b = -2*z + 94 - 434, -g*z = b + 78. Let i = b - -128. List the prime factors of i.
2, 3, 7
Let t be 5/25*5*0. Suppose -2*d + s + 13 = t, -s = 3*d - 3 - 19. Suppose a = 27 - d. What are the prime factors of a?
2, 5
Suppose 4*j - 2*w + 237 = 751, 254 = 2*j - 2*w. List the prime factors of j.
2, 5, 13
Let h(k) = -13*k**2 - 13*k + 53*k + 6*k**2 + 13 - 12*k**2 - k**3. List the prime factors of h(-21).
5, 11
Let h be (385/(-1))/(-5) + 4. Let y = h - 37. List the prime factors of y.
2, 11
Let d(o) = -o**2 + 4. Let z be d(2). Suppose z = 5*b - 15, 4*y - 286 = -3*b + 179. What are the prime factors of y?
2, 3, 19
Let n(h) = 51*h**3 - 15*h**2 - 52*h**3 - 10 + 15*h + h**2. Let t be n(-15). Let r = 26 + t. What are the prime factors of r?
2
Let u be (-97)/(2/4 + -1). What are the prime factors of (u/3)/((-10)/(-15))?
97
Let a(g) = 2*g**2 + 6*g - 27. Let v(n) = n**2 + 3*n - 13. Let k(r) = -4*a(r) + 10*v(r). What are the prime factors of k(-9)?
2, 43
Suppose -137*g + 153*g = 26816. What are the prime factors of g?
2, 419
Let c = 4 - 4. Let r(b) = 2*b - 7. Let q be r(18). Suppose 97 - q = 4*t + a, c = 2*t - a - 40. List the prime factors of t.
2, 3
Suppose 0 = -3*c - 2*c - 15, 4*c + 36 = 2*x. Suppose -585 = -x*g + 7*g. What are the prime factors of g?
3, 13
Let o(h) = -111*h + 396. List the prime factors of o(-8).
2, 3, 107
Suppose -2*c - c + n - 121 = 0, 2*n = 4*c + 162. Let o be (-240)/(-50)*c/(-6). Suppose o = 12*w - 8*w. List the prime factors of w.
2
Let z(g) = -g**3 + 10*g**2 - 11*g + 11. Let d be z(8). Let h = d - 5. List the prime factors of h.
2, 23
Let n(b) = 80*b - 6. Let p be n(4). Suppose 4*m = -3*q + p - 47, 4*q = -12. What are the prime factors of m?
3, 23
What are the prime factors of (-2 - -1)*-3*4176/54?
2, 29
Suppose -41*z + 108 = -45*z. Let v = 94 + -134. Let b = z - v. List the prime factors of b.
13
Let o(c) = c**3 + 7*c**2 + 10*c + 9. Let b be o(-6). Let g = b - -86. List the prime factors of g.
71
Let t(s) = -s**3 + 2*s**2 - s + 464. List the prime factors of t(0).
2, 29
Let l(g) = -g + 22. Let d be l(-17). Let x = d + 1. Suppose -4*t - x + 180 = 0. What are the prime factors of t?
5, 7
Let c be 2/4*(-5 - -29). Let b(l) = -l**2 + 14*l - 5. Let y be b(c). Suppose 2*w + y = 3*w. What are the prime factors of w?
19
Suppose 19*c - 6*c - 24323 = 0. What are the prime factors of c?
1871
Suppose -6 = 2*a, 0*d = -5*d + a - 317. List the prime factors of d/10*(-15)/2.
2, 3
Let v(c) = -c**3 + 4*c + 4. Suppose -103 + 23 = -5*k. Let l be (k/(-40))/((-2)/(-10)). List the prime factors of v(l).
2
Suppose 22*k - 610 = 1392. Suppose 56 = b - k. List the prime factors of b.
3, 7
Suppose -n = -2*u - 2364, -u - 4732 = -2*n + u. List the prime factors of n.
2, 37
Suppose 30 = r - 6*r. What are the prime factors of (106/(-4))/(r/12)?
53
Let l = 19 + -9. Let a(t) = t**3 - 7*t**2 - 15*t + 5. List the prime factors of a(l).
5, 31
Let n be ((-306)/27)/(4/(-6)). Let m = -13 + n. Suppose 0 = -m*k - 46 + 146. What are the prime factors of k?
5
Let t(z) = 4*z**2 - 10*z + 44. What are the prime factors of t(5)?
2, 47
Suppose -5*l + 47 = -4*a, -2*l + 2 = 3*a + a. Suppose 2*x + l = -3. Let v(q) = -4*q - 7. List the prime factors of v(x).
13
Let s be 54/(-15)*(-5)/2. List the prime factors of 36*s/(27/4).
2, 3
Suppose 5*q + 3 = 8. What are the prime factors of (-918)/(-12)*(q + 1)?
3, 17
Let q = 16 + 972. What are the prime factors of q?
2, 13, 19
Suppose -132*k = 65350 - 238402. List the prime factors of k.
3, 19, 23
Suppose 4*r - 5722 = -2*l, 0 = -2*r + 2*l - 169 + 3033. What are the prime factors of 2/(-4) - r/(-18)?
79
Suppose 80 = r - 6*r. Let v = r + 104. Suppose 0 = -3*i + 53 + v. List the prime factors of i.
47
Suppose 24 = 9*d - 3. Suppose o = -d*o + 912. List the prime factors of o.
2, 3, 19
Suppose -7*p - 3600 = -p. What are the prime factors of p/(-6) + (-3)/(-3)?
101
Let d = 15 - -2. Suppose -r - d = -5*s, -4*s = -5*r + 13 + 7. List the prime factors of r.
2
Let k(v) be the first derivative of -v**3/3 + 5*v**2/2 + 7*v - 5. Let t be k(5). Suppose -10*h + t*h = -27. What are the prime factors of h?
3
Let u(g) = 4*g - 15. Let j be u(6). Suppose 0 = j*a - 52 - 362. What are the prime factors of a?
2, 23
Suppose -4*l + 56 =